5087 a composite number?
False
Is 676859 prime?
True
Is 1939 a prime number?
False
Is 30631 a prime number?
True
Is 12659 composite?
False
Is 34211 a prime number?
True
Is 124213 prime?
True
Is 68437 a composite number?
False
Is 2129 composite?
False
Is 6521 a composite number?
False
Is 18371 composite?
False
Is 489878 prime?
False
Is 105019 prime?
True
Is 1103237 a prime number?
True
Is 4561 composite?
False
Is 239929 composite?
False
Is 763 composite?
True
Is 8899 prime?
False
Is 815257 composite?
False
Is 101267 prime?
True
Is 67261 a prime number?
True
Is 55963 a composite number?
True
Is 557 prime?
True
Is 48049 prime?
True
Is 41333 prime?
True
Is 3989 a composite number?
False
Is 49103 composite?
False
Is 52093 a prime number?
False
Is 8383 a prime number?
False
Is 987283 a prime number?
False
Is 5147 a prime number?
True
Is 127 a composite number?
False
Is 59669 a prime number?
True
Is 3293 prime?
False
Is 4661 a prime number?
False
Is 64709 composite?
False
Is 672377 prime?
True
Is 43141 a composite number?
True
Is 72487 prime?
False
Is 5779 a composite number?
False
Is 189733 a prime number?
True
Is 34019 a composite number?
False
Is 1206119 prime?
False
Is 3847 prime?
True
Is 1067 a prime number?
False
Is 786803 composite?
False
Is 138917 composite?
False
Is 21829 prime?
False
Is 377207 a prime number?
False
Is 20369 composite?
False
Is 13159 composite?
False
Is 937331 a composite number?
False
Is 1373 a prime number?
True
Is 3799 a prime number?
False
Is 44177 a composite number?
True
Is 2181 a prime number?
False
Is 3113 a composite number?
True
Is 829 a composite number?
False
Is 204047 prime?
True
Is 11855 a prime number?
False
Is 877187 prime?
True
Is 557 a composite number?
False
Is 3715 prime?
False
Is 310627 prime?
True
Is 38149 a composite number?
False
Is 932773 prime?
False
Is 140923 composite?
True
Is 862181 a prime number?
True
Is 5938 a composite number?
True
Is 2601713 a composite number?
False
Is 2777 a composite number?
False
Is 50359 a composite number?
False
Is 543769 a composite number?
False
Is 24251 a prime number?
True
Is 3683 prime?
False
Is 172015 prime?
False
Is 77606 a composite number?
True
Is 7142 prime?
False
Is 3551 a composite number?
True
Is 504167 composite?
True
Is 7125673 composite?
False
Is 2720707 a composite number?
True
Is 53905 a composite number?
True
Is 95423 a prime number?
False
Is 8483 a prime number?
False
Is 438169 composite?
False
Is 6629 a composite number?
True
Is 871 composite?
True
Is 6119 a composite number?
True
Is 67679 prime?
True
Is 107519 prime?
False
Is 325651 a prime number?
False
Is 12877 a prime number?
False
Is 5371 composite?
True
Is 16129 prime?
False
Is 154437 prime?
False
Is 5753 a composite number?
True
Is 42509 composite?
False
Is 348209 composite?
False
Is 146141 prime?
True
Is 21787 prime?
True
Is 74257 composite?
False
Is 212411 a composite number?
False
Is 235199 composite?
False
Is 14815 composite?
True
Is 17291 a prime number?
True
Is 118273 composite?
False
Is 41539 prime?
True
Is 110969 composite?
False
Is 1709 a prime number?
True
Is 270671 prime?
False
Is 98351 prime?
False
Is 1861 a composite number?
False
Is 22853 composite?
False
Is 29059 composite?
False
Is 72799 composite?
True
Is 15427 composite?
False
Is 1189 prime?
False
Is 47189 a composite number?
False
Is 4919 a prime number?
True
Is 6179 a prime number?
False
Is 6598 a composite number?
True
Is 6587 a prime number?
False
Is 20017 prime?
False
Is 12695 composite?
True
Is 98309 a prime number?
False
Is 3948229 a composite number?
False
Is 997 a composite number?
False
Is 29059 composite?
False
Is 249351 a composite number?
True
Is 3683 a composite number?
True
Is 1531891 a prime number?
False
Is 434482 composite?
True
Is 19181 composite?
False
Is 194443 a composite number?
False
Is 21797 a prime number?
False
Is 67451 prime?
False
Is 42047 composite?
True
Is 535 a composite number?
True
Is 941399 prime?
False
Is 153031 a prime number?
False
Is 923459 a prime number?
False
Is 40402 composite?
True
Is 58397 composite?
True
Is 32117 composite?
False
Is 49499 a prime number?
True
Is 142211 a composite number?
False
Is 21367 composite?
True
Is 3027 a composite number?
True
Is 1907 composite?
False
Is 63205 prime?
False
Is 6805 composite?
True
Is 53201 composite?
False
Is 279203 a composite number?
False
Is 4721 prime?
True
Is 606007 a composite number?
True
Is 172141 a composite number?
True
Is 181 composite?
False
Is 5261 a composite number?
False
Is 20369 prime?
True
Is 48171 a composite number?
True
Is 2837 composite?
False
Is 16871 a composite number?
False
Is 128813 a prime number?
True
Is 2333 a prime number?
True
Is 19369 composite?
True
Is 83999 a prime number?
False
Is 101427 composite?
True
Is 6073 composite?
False
Is 2741 composite?
False
Is 25301 a composite number?
False
Is 781 a prime number?
False
Is 36913 prime?
True
Is 43117 prime?
True
Is 543637 prime?
True
Is 26521 a composite number?
True
Is 8941 prime?
True
Is 1587553 a composite number?
True
Is 486929 composite?
False
Is 1641811 a prime number?
True
Is 58246 composite?
True
Is 28901 prime?
True
Is 64969 a composite number?
False
Is 1473 prime?
False
Is 20879 prime?
True
Is 52691 a composite number?
False
Is 115057 a composite number?
False
Is 281971 a prime number?
True
Is 81419 a prime number?
False
Is 18437 composite?
True
Is 456031 composite?
True
Is 43922 prime?
False
Is 18367 a composite number?
False
Is 218213 a composite number?
False
Is 436729 prime?
True
Is 6599 composite?
False
Is 856453 prime?
False
Is 137131 a prime number?
True
Is 68071 a composite number?
False
Is 11338 a prime number?
False
Is 1059889 a composite number?
False
Is 9239 a composite number?
False
Is 343753 prime?
False
Is 8093 a prime number?
True
Is 26459 prime?
True
Is 63521 a prime number?
True
Is 69691 prime?
True
Is 538 composite?
True
Is 1524019 prime?
False
Is 28123 a prime number?
True
Is 1243 composite?
True
Is 1431583 composite?
True
Is 299347 composite?
True
Is 69847 a composite number?
False
Is 572683 composite?
False
Is 1389953 a composite number?
True
Is 133795 prime?
False
Is 28057 prime?
True
Is 310169 composite?
False
Is 5747 a composite number?
True
Is 5998 a prime number?
False
Is 22978 a prime number?
False
Is 294821 a composite number?
False
Is 122767 a prime number?
False
Is 1588387 composite?
False
Is 3035 composite?
True
Is 2177 a composite number?
True
Is 52919 composite?
False
Is 315937 a prime number?
True
Is 37211 a prime number?
False
Is 1080727 composite?
True
Is 42157 a composite number?
False
Is 853 prime?
True
Is 6421 a prime number?
True
Is 14767 a prime number?
True
Is 202513 composite?
True
Is 28901 composite?
False
Is 2881 a prime number?
False
Is 39657 prime?
False
Is 13499 a composite number?
False
Is 10473 prime?
False
Is 477637 a composite number?
False
Is 39469 a prime number?
False
Is 12607 prime?
False
Is 298651 composite?
False
Is 602337 prime?
False
Is 533527 prime?
False
Is 27355 a composite number?
True
Is 3265 prime?
False
Is 238331 composite?
False
Is 9193 a prime number?
False
Is 127207 composite?
False
Is 948599 prime?
False
Is 16603 a prime number?
True
Is 85991 composite?
False
Is 70831 a composite number?
True
Is 89027 composite?
True
Is 2927 a composite number?
False
Is 3029 a prime number?
False
Is 755 a composite number?
True
Is 102667 prime?
True
Is 96569 a composite number?
True
Is 9599 a composite number?
True
Is 2122 composite?
True
Is 5353 prime?
False
Is 1931 a composite number?
False
Is 23713 a prime number?
False
Is 2776217 a composite number?
False
Is 3333419 a composite number?
False
Is 787 prime?
True
Is 437219 composite?
False
Is 73613 a prime number?
True
Is 82011 a composite number?
True
Is 21313 a prime number?
True
Is 14873 composite?
True
Is 155153 a composite number?
False
Is 1784477 a prime number?
False
Is 27889 a composite number?
True
Is 104513 a prime number?
True
Is 1551067 a composite number?
True
Is 192869 composite?
True
Is 32919 prime?
False
Is 2317189 composite?
True
Is 121405 a prime number?
False
Is 7997 prime?
False
Is 20321 composite?
True
Is 4177 composite?
False
Is 290557 a composite number?
False
Is 8306 prime?
False
Is 336143 a prime number?
True
Is 75